{"id":930,"date":"2018-11-27T14:43:59","date_gmt":"2018-11-27T13:43:59","guid":{"rendered":"http:\/\/www.asac-bascobearnais.asso.fr\/?page_id=930"},"modified":"2026-01-15T16:01:29","modified_gmt":"2026-01-15T15:01:29","slug":"calendrier-asa-2019","status":"publish","type":"page","link":"http:\/\/www.asac-bascobearnais.asso.fr\/?page_id=930","title":{"rendered":"Calendrier ASA"},"content":{"rendered":"\n<p class=\"has-text-align-center has-luminous-vivid-amber-background-color has-background has-medium-font-size\"><strong>202<\/strong>6<\/p>\n\n\n\n<p class=\"has-text-align-center has-vivid-red-color has-text-color\"><strong> MARS <\/strong><\/p>\n\n\n\n<p class=\"has-text-align-center has-vivid-red-color has-very-light-gray-background-color has-text-color has-background\"><strong>06 au 08 MARS<\/strong><br><strong> 43 \u00e8me\u00a0RALLYE T.T. DES COLLINES\u00a0D\u2019ARZACQ <\/strong><br>Championnat de France des Rallyes Tout-Terrain<\/p>\n\n\n<div class=\"wp-block-image\">\n<figure class=\"aligncenter size-large is-resized\"><img loading=\"lazy\" decoding=\"async\" width=\"1024\" height=\"1024\" src=\"http:\/\/www.asac-bascobearnais.asso.fr\/wp-content\/uploads\/2022\/11\/cropped-Logo-Ecurie-des-Collines-1-1024x1024.png\" alt=\"\" class=\"wp-image-2677\" style=\"width:144px;height:144px\" srcset=\"http:\/\/www.asac-bascobearnais.asso.fr\/wp-content\/uploads\/2022\/11\/cropped-Logo-Ecurie-des-Collines-1.png 1024w, http:\/\/www.asac-bascobearnais.asso.fr\/wp-content\/uploads\/2022\/11\/cropped-Logo-Ecurie-des-Collines-1-300x300.png 300w, http:\/\/www.asac-bascobearnais.asso.fr\/wp-content\/uploads\/2022\/11\/cropped-Logo-Ecurie-des-Collines-1-150x150.png 150w, http:\/\/www.asac-bascobearnais.asso.fr\/wp-content\/uploads\/2022\/11\/cropped-Logo-Ecurie-des-Collines-1-768x768.png 768w, http:\/\/www.asac-bascobearnais.asso.fr\/wp-content\/uploads\/2022\/11\/cropped-Logo-Ecurie-des-Collines-1-140x140.png 140w\" sizes=\"(max-width: 1024px) 100vw, 1024px\" \/><\/figure><\/div>\n\n\n<p class=\"has-text-align-center has-luminous-vivid-orange-color has-text-color\"><\/p>\n\n\n\n<p class=\"has-text-align-center has-luminous-vivid-amber-color has-text-color\"><strong>MAI<\/strong><\/p>\n\n\n\n<p class=\"has-text-align-center has-luminous-vivid-amber-color has-very-light-gray-background-color has-text-color has-background\"><strong> <\/strong><br><strong>&nbsp;PAU GRAND PRIX <\/strong><br><br><strong>PAU CLASSIC GRAND PRIX <\/strong><\/p>\n\n\n<div class=\"wp-block-image\">\n<figure class=\"aligncenter size-full is-resized\"><img loading=\"lazy\" decoding=\"async\" width=\"392\" height=\"172\" src=\"http:\/\/www.asac-bascobearnais.asso.fr\/wp-content\/uploads\/2022\/11\/Capture-decran-2022-11-03-a-14.59.40.png\" alt=\"\" class=\"wp-image-2680\" style=\"width:226px;height:99px\" srcset=\"http:\/\/www.asac-bascobearnais.asso.fr\/wp-content\/uploads\/2022\/11\/Capture-decran-2022-11-03-a-14.59.40.png 392w, http:\/\/www.asac-bascobearnais.asso.fr\/wp-content\/uploads\/2022\/11\/Capture-decran-2022-11-03-a-14.59.40-300x132.png 300w\" sizes=\"(max-width: 392px) 100vw, 392px\" \/><\/figure><\/div>\n\n\n<p class=\"has-text-align-center has-pale-pink-color has-text-color\"><strong> JUIN<\/strong><\/p>\n\n\n\n<p class=\"has-text-align-center has-pale-pink-color has-very-light-gray-background-color has-text-color has-background\"><strong>19 au 21 JUIN<\/strong><br><strong>17\u00e8me\u00a0RALLYE T.T. DU BARETOUS <\/strong><br>Championnat de France des Rallyes Tout-Terrain<\/p>\n\n\n<div class=\"wp-block-image\">\n<figure class=\"aligncenter size-full is-resized\"><img loading=\"lazy\" decoding=\"async\" width=\"960\" height=\"958\" src=\"http:\/\/www.asac-bascobearnais.asso.fr\/wp-content\/uploads\/2024\/04\/431525211_1052094936436840_7022405702897520091_n.jpg\" alt=\"\" class=\"wp-image-3135\" style=\"width:151px;height:144px\" srcset=\"http:\/\/www.asac-bascobearnais.asso.fr\/wp-content\/uploads\/2024\/04\/431525211_1052094936436840_7022405702897520091_n.jpg 960w, http:\/\/www.asac-bascobearnais.asso.fr\/wp-content\/uploads\/2024\/04\/431525211_1052094936436840_7022405702897520091_n-300x300.jpg 300w, http:\/\/www.asac-bascobearnais.asso.fr\/wp-content\/uploads\/2024\/04\/431525211_1052094936436840_7022405702897520091_n-150x150.jpg 150w, http:\/\/www.asac-bascobearnais.asso.fr\/wp-content\/uploads\/2024\/04\/431525211_1052094936436840_7022405702897520091_n-768x766.jpg 768w, http:\/\/www.asac-bascobearnais.asso.fr\/wp-content\/uploads\/2024\/04\/431525211_1052094936436840_7022405702897520091_n-140x140.jpg 140w\" sizes=\"(max-width: 960px) 100vw, 960px\" \/><\/figure><\/div>\n\n\n<p class=\"has-text-align-center has-vivid-cyan-blue-color has-text-color\"><strong>AO\u00dbT<\/strong><\/p>\n\n\n\n<p class=\"has-text-align-center has-vivid-cyan-blue-color has-very-light-gray-background-color has-text-color has-background\">0<strong>7  au 09  AO\u00dbT <\/strong><br><strong>25\u00e8me\u00a0RALLYE T.T. ORTHEZ-BEARN <\/strong><br>Championnat de France des Rallyes Tout-Terrain<\/p>\n\n\n<div class=\"wp-block-image\">\n<figure class=\"aligncenter size-full is-resized\"><img loading=\"lazy\" decoding=\"async\" width=\"718\" height=\"575\" src=\"http:\/\/www.asac-bascobearnais.asso.fr\/wp-content\/uploads\/2025\/05\/LOGO-ECURIE.jpg\" alt=\"\" class=\"wp-image-3247\" style=\"aspect-ratio:1.0746268656716418;width:171px;height:auto\" srcset=\"http:\/\/www.asac-bascobearnais.asso.fr\/wp-content\/uploads\/2025\/05\/LOGO-ECURIE.jpg 718w, http:\/\/www.asac-bascobearnais.asso.fr\/wp-content\/uploads\/2025\/05\/LOGO-ECURIE-300x240.jpg 300w\" sizes=\"(max-width: 718px) 100vw, 718px\" \/><\/figure><\/div>\n\n\n<p class=\"has-text-align-center has-vivid-green-cyan-color has-text-color\"><strong> SEPTEMBRE<\/strong><\/p>\n\n\n\n<p class=\"has-text-align-center has-vivid-green-cyan-color has-very-light-gray-background-color has-text-color has-background\"><strong>04 au 06 SEPTEMBRE<\/strong><br><strong>70\u00e8me\u00a0RALLYE T.T. DES CIMES <\/strong><br>Championnat de France des Rallyes Tout-Terrain<\/p>\n\n\n<div class=\"wp-block-image\">\n<figure class=\"aligncenter size-full is-resized\"><img loading=\"lazy\" decoding=\"async\" width=\"244\" height=\"207\" src=\"http:\/\/www.asac-bascobearnais.asso.fr\/wp-content\/uploads\/2022\/11\/images.jpeg\" alt=\"\" class=\"wp-image-2683\" style=\"width:132px;height:112px\"\/><\/figure><\/div>","protected":false},"excerpt":{"rendered":"<p>2026 MARS 06 au 08 MARS 43 \u00e8me\u00a0RALLYE T.T. DES COLLINES\u00a0D\u2019ARZACQ Championnat de France des Rallyes Tout-Terrain MAI &nbsp;PAU GRAND PRIX PAU CLASSIC GRAND PRIX JUIN 19 au 21 JUIN17\u00e8me\u00a0RALLYE T.T. DU BARETOUS Championnat de France des Rallyes Tout-Terrain AO\u00dbT 07 au 09 AO\u00dbT 25\u00e8me\u00a0RALLYE T.T. ORTHEZ-BEARN Championnat de France des Rallyes Tout-Terrain SEPTEMBRE 04&hellip; <\/p>\n<p class=\"toivo-read-more\"><a href=\"http:\/\/www.asac-bascobearnais.asso.fr\/?page_id=930\" class=\"more-link\">Lire la suite <span class=\"screen-reader-text\">Calendrier ASA<\/span><\/a><\/p>\n","protected":false},"author":1,"featured_media":0,"parent":0,"menu_order":0,"comment_status":"closed","ping_status":"closed","template":"","meta":{"footnotes":""},"_links":{"self":[{"href":"http:\/\/www.asac-bascobearnais.asso.fr\/index.php?rest_route=\/wp\/v2\/pages\/930"}],"collection":[{"href":"http:\/\/www.asac-bascobearnais.asso.fr\/index.php?rest_route=\/wp\/v2\/pages"}],"about":[{"href":"http:\/\/www.asac-bascobearnais.asso.fr\/index.php?rest_route=\/wp\/v2\/types\/page"}],"author":[{"embeddable":true,"href":"http:\/\/www.asac-bascobearnais.asso.fr\/index.php?rest_route=\/wp\/v2\/users\/1"}],"replies":[{"embeddable":true,"href":"http:\/\/www.asac-bascobearnais.asso.fr\/index.php?rest_route=%2Fwp%2Fv2%2Fcomments&post=930"}],"version-history":[{"count":51,"href":"http:\/\/www.asac-bascobearnais.asso.fr\/index.php?rest_route=\/wp\/v2\/pages\/930\/revisions"}],"predecessor-version":[{"id":3280,"href":"http:\/\/www.asac-bascobearnais.asso.fr\/index.php?rest_route=\/wp\/v2\/pages\/930\/revisions\/3280"}],"wp:attachment":[{"href":"http:\/\/www.asac-bascobearnais.asso.fr\/index.php?rest_route=%2Fwp%2Fv2%2Fmedia&parent=930"}],"curies":[{"name":"wp","href":"https:\/\/api.w.org\/{rel}","templated":true}]}}

<p class="has-text-align-center has-luminous-vivid-amber-background-color has-background has-medium-font-size"><strong>202</strong>6</p>



<p class="has-text-align-center has-vivid-red-color has-text-color"><strong> MARS </strong></p>



<p class="has-text-align-center has-vivid-red-color has-very-light-gray-background-color has-text-color has-background"><strong>06 au 08 MARS</strong><br><strong> 43 ème RALLYE T.T. DES COLLINES D’ARZACQ </strong><br>Championnat de France des Rallyes Tout-Terrain</p>


<div class="wp-block-image">
<figure class="aligncenter size-large is-resized"><img loading="lazy" decoding="async" width="1024" height="1024" src="http://www.asac-bascobearnais.asso.fr/wp-content/uploads/2022/11/cropped-Logo-Ecurie-des-Collines-1-1024x1024.png" alt="" class="wp-image-2677" style="width:144px;height:144px" srcset="http://www.asac-bascobearnais.asso.fr/wp-content/uploads/2022/11/cropped-Logo-Ecurie-des-Collines-1.png 1024w, http://www.asac-bascobearnais.asso.fr/wp-content/uploads/2022/11/cropped-Logo-Ecurie-des-Collines-1-300x300.png 300w, http://www.asac-bascobearnais.asso.fr/wp-content/uploads/2022/11/cropped-Logo-Ecurie-des-Collines-1-150x150.png 150w, http://www.asac-bascobearnais.asso.fr/wp-content/uploads/2022/11/cropped-Logo-Ecurie-des-Collines-1-768x768.png 768w, http://www.asac-bascobearnais.asso.fr/wp-content/uploads/2022/11/cropped-Logo-Ecurie-des-Collines-1-140x140.png 140w" sizes="(max-width: 1024px) 100vw, 1024px" /></figure></div>


<p class="has-text-align-center has-luminous-vivid-orange-color has-text-color"></p>



<p class="has-text-align-center has-luminous-vivid-amber-color has-text-color"><strong>MAI</strong></p>



<p class="has-text-align-center has-luminous-vivid-amber-color has-very-light-gray-background-color has-text-color has-background"><strong> </strong><br><strong>&nbsp;PAU GRAND PRIX </strong><br><br><strong>PAU CLASSIC GRAND PRIX </strong></p>


<div class="wp-block-image">
<figure class="aligncenter size-full is-resized"><img loading="lazy" decoding="async" width="392" height="172" src="http://www.asac-bascobearnais.asso.fr/wp-content/uploads/2022/11/Capture-decran-2022-11-03-a-14.59.40.png" alt="" class="wp-image-2680" style="width:226px;height:99px" srcset="http://www.asac-bascobearnais.asso.fr/wp-content/uploads/2022/11/Capture-decran-2022-11-03-a-14.59.40.png 392w, http://www.asac-bascobearnais.asso.fr/wp-content/uploads/2022/11/Capture-decran-2022-11-03-a-14.59.40-300x132.png 300w" sizes="(max-width: 392px) 100vw, 392px" /></figure></div>


<p class="has-text-align-center has-pale-pink-color has-text-color"><strong> JUIN</strong></p>



<p class="has-text-align-center has-pale-pink-color has-very-light-gray-background-color has-text-color has-background"><strong>19 au 21 JUIN</strong><br><strong>17ème RALLYE T.T. DU BARETOUS </strong><br>Championnat de France des Rallyes Tout-Terrain</p>


<div class="wp-block-image">
<figure class="aligncenter size-full is-resized"><img loading="lazy" decoding="async" width="960" height="958" src="http://www.asac-bascobearnais.asso.fr/wp-content/uploads/2024/04/431525211_1052094936436840_7022405702897520091_n.jpg" alt="" class="wp-image-3135" style="width:151px;height:144px" srcset="http://www.asac-bascobearnais.asso.fr/wp-content/uploads/2024/04/431525211_1052094936436840_7022405702897520091_n.jpg 960w, http://www.asac-bascobearnais.asso.fr/wp-content/uploads/2024/04/431525211_1052094936436840_7022405702897520091_n-300x300.jpg 300w, http://www.asac-bascobearnais.asso.fr/wp-content/uploads/2024/04/431525211_1052094936436840_7022405702897520091_n-150x150.jpg 150w, http://www.asac-bascobearnais.asso.fr/wp-content/uploads/2024/04/431525211_1052094936436840_7022405702897520091_n-768x766.jpg 768w, http://www.asac-bascobearnais.asso.fr/wp-content/uploads/2024/04/431525211_1052094936436840_7022405702897520091_n-140x140.jpg 140w" sizes="(max-width: 960px) 100vw, 960px" /></figure></div>


<p class="has-text-align-center has-vivid-cyan-blue-color has-text-color"><strong>AOÛT</strong></p>



<p class="has-text-align-center has-vivid-cyan-blue-color has-very-light-gray-background-color has-text-color has-background">0<strong>7  au 09  AOÛT </strong><br><strong>25ème RALLYE T.T. ORTHEZ-BEARN </strong><br>Championnat de France des Rallyes Tout-Terrain</p>


<div class="wp-block-image">
<figure class="aligncenter size-full is-resized"><img loading="lazy" decoding="async" width="718" height="575" src="http://www.asac-bascobearnais.asso.fr/wp-content/uploads/2025/05/LOGO-ECURIE.jpg" alt="" class="wp-image-3247" style="aspect-ratio:1.0746268656716418;width:171px;height:auto" srcset="http://www.asac-bascobearnais.asso.fr/wp-content/uploads/2025/05/LOGO-ECURIE.jpg 718w, http://www.asac-bascobearnais.asso.fr/wp-content/uploads/2025/05/LOGO-ECURIE-300x240.jpg 300w" sizes="(max-width: 718px) 100vw, 718px" /></figure></div>


<p class="has-text-align-center has-vivid-green-cyan-color has-text-color"><strong> SEPTEMBRE</strong></p>



<p class="has-text-align-center has-vivid-green-cyan-color has-very-light-gray-background-color has-text-color has-background"><strong>04 au 06 SEPTEMBRE</strong><br><strong>70ème RALLYE T.T. DES CIMES </strong><br>Championnat de France des Rallyes Tout-Terrain</p>


<div class="wp-block-image">
<figure class="aligncenter size-full is-resized"><img loading="lazy" decoding="async" width="244" height="207" src="http://www.asac-bascobearnais.asso.fr/wp-content/uploads/2022/11/images.jpeg" alt="" class="wp-image-2683" style="width:132px;height:112px"/></figure></div>

<p>2026 MARS 06 au 08 MARS 43 ème RALLYE T.T. DES COLLINES D’ARZACQ Championnat de France des Rallyes Tout-Terrain MAI &nbsp;PAU GRAND PRIX PAU CLASSIC GRAND PRIX JUIN 19 au 21 JUIN17ème RALLYE T.T. DU BARETOUS Championnat de France des Rallyes Tout-Terrain AOÛT 07 au 09 AOÛT 25ème RALLYE T.T. ORTHEZ-BEARN Championnat de France des Rallyes Tout-Terrain SEPTEMBRE 04&hellip; </p>
<p class="toivo-read-more"><a href="http://www.asac-bascobearnais.asso.fr/?page_id=930" class="more-link">Lire la suite <span class="screen-reader-text">Calendrier ASA</span></a></p>
