{"id":157,"date":"2017-03-24T21:48:06","date_gmt":"2017-03-24T20:48:06","guid":{"rendered":"https:\/\/asacbascobearnais.wordpress.com\/?page_id=157"},"modified":"2026-01-15T15:29:04","modified_gmt":"2026-01-15T14:29:04","slug":"ecuries-affiliees","status":"publish","type":"page","link":"http:\/\/www.asac-bascobearnais.asso.fr\/?page_id=157","title":{"rendered":"\u00c9curies affili\u00e9es"},"content":{"rendered":"<pre style=\"text-align: justify;\"><img loading=\"lazy\" decoding=\"async\" class=\"wp-image-444 alignleft\" src=\"http:\/\/www.asac-bascobearnais.asso.fr\/wp-content\/uploads\/2017\/03\/logo_ecurie-cimes-1.gif\" alt=\"\" width=\"98\" height=\"76\" \/> <a href=\"http:\/\/www.ecuriedescimes.com\/WP\/\">\u00c9curie des Cimes<\/a>\n BP 1\n 64560 LICQ-ATHEREY\n T\u00e9l. : 06 02 22 83 12\n\n<\/pre>\n<pre><img loading=\"lazy\" decoding=\"async\" class=\" wp-image-162 alignleft\" src=\"http:\/\/asacbascve.cluster023.hosting.ovh.net\/wp-content\/uploads\/2017\/03\/logo_arzacq_150_85x500.jpg\" alt=\"logo_arzacq_150_85x500\" width=\"98\" height=\"98\" \/>\n <a href=\"http:\/\/rallyedescollines.fr\/\">\u00c9curie des Collines d'Arzacq<\/a>\n 6 bis rue Casteret\n 64000 PAU\n T\u00e9l. : 06 12 84 15 86\n\n<\/pre>\n<pre><img loading=\"lazy\" decoding=\"async\" class=\" wp-image-164 alignleft\" src=\"http:\/\/asacbascve.cluster023.hosting.ovh.net\/wp-content\/uploads\/2017\/03\/logo_ecurien_orthez-bearn_2_1.gif\" alt=\"logo_ecurien_orthez-bearn_(2)_1\" width=\"111\" height=\"89\" \/>\n <a href=\"http:\/\/www.ecurieorthezbearn.fr\/ecurie\/\">\u00c9curie Orthez B\u00e9arn<\/a>\n Place du Foirail\n 64300 ORTHEZ\n T\u00e9l. : 06 47 86 81 53\n\n<\/pre>\n<pre><img loading=\"lazy\" decoding=\"async\" class=\" wp-image-165 alignleft\" src=\"http:\/\/asacbascve.cluster023.hosting.ovh.net\/wp-content\/uploads\/2017\/03\/mont_85x500.png\" alt=\"mont_85x500\" width=\"97\" height=\"88\" \/>\n <a href=\"http:\/\/www.rallyedubaretous.fr\/\">\u00c9curie Monts et Vall\u00e9es<\/a>\n Mairie de Lanne\n 64570\u00a0LANNE EN BARETOUS\n T\u00e9l. : 06 29 02 35 19<\/pre>\n<pre><img loading=\"lazy\" decoding=\"async\" class=\"wp-image-807 alignleft\" src=\"http:\/\/www.asac-bascobearnais.asso.fr\/wp-content\/uploads\/2018\/06\/Logo-Ecurie-B\u00e9arn.jpg\" alt=\"\" width=\"80\" height=\"96\" \/>\n<a href=\"https:\/\/www.rallyedubearn.com\">  \u00c9curie Pyr\u00e9n\u00e9es Auto Sport<\/a>\n  85 Bd Charles de Gaulle\n  64140 LONS. T\u00e9l: 06 30 34 41 87\n\n\n\n<\/pre>\n<pre>\n \n\n\n\n<\/pre>\n","protected":false},"excerpt":{"rendered":"<p>\u00c9curie des Cimes BP 1 64560 LICQ-ATHEREY T\u00e9l. : 06 02 22 83 12 \u00c9curie des Collines d&rsquo;Arzacq 6 bis rue Casteret 64000 PAU T\u00e9l. : 06 12 84 15 86 \u00c9curie Orthez B\u00e9arn Place du Foirail 64300 ORTHEZ T\u00e9l. : 06 47 86 81 53 \u00c9curie Monts et Vall\u00e9es Mairie de Lanne 64570\u00a0LANNE EN&hellip; <\/p>\n<p class=\"toivo-read-more\"><a href=\"http:\/\/www.asac-bascobearnais.asso.fr\/?page_id=157\" class=\"more-link\">Lire la suite <span class=\"screen-reader-text\">\u00c9curies affili\u00e9es<\/span><\/a><\/p>\n","protected":false},"author":1,"featured_media":0,"parent":154,"menu_order":0,"comment_status":"closed","ping_status":"closed","template":"","meta":{"footnotes":""},"_links":{"self":[{"href":"http:\/\/www.asac-bascobearnais.asso.fr\/index.php?rest_route=\/wp\/v2\/pages\/157"}],"collection":[{"href":"http:\/\/www.asac-bascobearnais.asso.fr\/index.php?rest_route=\/wp\/v2\/pages"}],"about":[{"href":"http:\/\/www.asac-bascobearnais.asso.fr\/index.php?rest_route=\/wp\/v2\/types\/page"}],"author":[{"embeddable":true,"href":"http:\/\/www.asac-bascobearnais.asso.fr\/index.php?rest_route=\/wp\/v2\/users\/1"}],"replies":[{"embeddable":true,"href":"http:\/\/www.asac-bascobearnais.asso.fr\/index.php?rest_route=%2Fwp%2Fv2%2Fcomments&post=157"}],"version-history":[{"count":23,"href":"http:\/\/www.asac-bascobearnais.asso.fr\/index.php?rest_route=\/wp\/v2\/pages\/157\/revisions"}],"predecessor-version":[{"id":3275,"href":"http:\/\/www.asac-bascobearnais.asso.fr\/index.php?rest_route=\/wp\/v2\/pages\/157\/revisions\/3275"}],"up":[{"embeddable":true,"href":"http:\/\/www.asac-bascobearnais.asso.fr\/index.php?rest_route=\/wp\/v2\/pages\/154"}],"wp:attachment":[{"href":"http:\/\/www.asac-bascobearnais.asso.fr\/index.php?rest_route=%2Fwp%2Fv2%2Fmedia&parent=157"}],"curies":[{"name":"wp","href":"https:\/\/api.w.org\/{rel}","templated":true}]}}